s 10 a factor of 1239?
False
Is 13182 a multiple of 12?
False
Is 8 a factor of 4588?
False
Is 7 a factor of 674?
False
Does 9 divide 741?
False
Is 10 a factor of 1170?
True
Does 13 divide 683?
False
Does 17 divide 1062?
False
Is 2340 a multiple of 9?
True
Is 112 a multiple of 11?
False
Is 4783 a multiple of 68?
False
Is 219 a factor of 46528?
False
Is 4429 a multiple of 77?
False
Is 21 a factor of 1008?
True
Is 16 a factor of 255?
False
Is 1788 a multiple of 78?
False
Is 8 a factor of 1672?
True
Is 877 a multiple of 11?
False
Is 9 a factor of 8115?
False
Is 142 a factor of 42600?
True
Does 68 divide 1088?
True
Is 3443 a multiple of 10?
False
Is 200 a multiple of 25?
True
Does 62 divide 8804?
True
Does 113 divide 1161?
False
Is 37 a multiple of 14?
False
Does 40 divide 6880?
True
Is 8 a factor of 2877?
False
Is 2 a factor of 6?
True
Is 659 even?
False
Is 4 a factor of 8787?
False
Does 15 divide 989?
False
Is 80190 a multiple of 30?
True
Is 31 a factor of 24800?
True
Is 139 a multiple of 31?
False
Does 9 divide 8604?
True
Is 315 a multiple of 5?
True
Is 24 a factor of 2040?
True
Is 19 a factor of 114?
True
Is 2271 a multiple of 17?
False
Is 6622 a multiple of 11?
True
Is 1355 a multiple of 34?
False
Is 21748 a multiple of 29?
False
Does 21 divide 1428?
True
Is 6816 a multiple of 110?
False
Is 7176 a multiple of 24?
True
Is 28 a factor of 252?
True
Is 756 a multiple of 54?
True
Is 128 a multiple of 21?
False
Is 32 a factor of 5280?
True
Is 63 a factor of 3622?
False
Is 315 a multiple of 15?
True
Is 18 a factor of 36128?
False
Does 28 divide 1148?
True
Is 14 a factor of 14420?
True
Does 9 divide 8613?
True
Is 872 a multiple of 34?
False
Does 19 divide 758?
False
Is 10920 a multiple of 140?
True
Is 11104 a multiple of 106?
False
Is 4264 a multiple of 104?
True
Is 3834 a multiple of 62?
False
Is 52 a multiple of 12?
False
Does 33 divide 1780?
False
Does 4 divide 1303?
False
Is 3 a factor of 480?
True
Is 77 a factor of 286?
False
Does 30 divide 29387?
False
Is 46489 a multiple of 68?
False
Is 177 a factor of 21977?
False
Is 77 a factor of 195?
False
Does 61 divide 9547?
False
Is 230 a factor of 30820?
True
Is 26 a factor of 6505?
False
Does 9 divide 586?
False
Does 154 divide 9856?
True
Is 65 a factor of 1386?
False
Does 30 divide 169?
False
Does 11 divide 19602?
True
Is 7175 a multiple of 44?
False
Is 4 a factor of 9068?
True
Does 227 divide 20430?
True
Is 6 a factor of 4572?
True
Does 35 divide 1764?
False
Does 121 divide 21873?
False
Is 2158 a multiple of 14?
False
Does 44 divide 9351?
False
Is 1548 a multiple of 10?
False
Does 219 divide 115691?
False
Is 597 a multiple of 55?
False
Is 20130 a multiple of 11?
True
Is 3365 a multiple of 5?
True
Does 62 divide 2790?
True
Is 26 a factor of 4087?
False
Is 26 a factor of 3328?
True
Does 8 divide 200?
True
Is 172 a factor of 5889?
False
Is 3 a factor of 18191?
False
Does 11 divide 1421?
False
Is 23 a factor of 1058?
True
Is 6303 a multiple of 51?
False
Is 15 a factor of 6075?
True
Is 4444 a multiple of 26?
False
Does 104 divide 7696?
True
Is 109 a factor of 19090?
False
Does 4 divide 1128?
True
Is 95 a factor of 6745?
True
Does 57 divide 24510?
True
Is 661 a multiple of 6?
False
Is 68 a factor of 19516?
True
Does 17 divide 5165?
False
Does 21 divide 569?
False
Is 1245 a multiple of 10?
False
Is 22332 a multiple of 6?
True
Does 23 divide 3933?
True
Does 109 divide 545?
True
Is 1642 a multiple of 15?
False
Is 119 a factor of 7854?
True
Is 1872 a multiple of 36?
True
Is 47 a factor of 342?
False
Is 13 a factor of 6411?
False
Is 17185 a multiple of 41?
False
Does 8 divide 4320?
True
Does 31 divide 2599?
False
Is 4917 a multiple of 7?
False
Does 62 divide 8300?
False
Does 99 divide 571?
False
Is 161 a factor of 47173?
True
Is 2240 a multiple of 28?
True
Is 21 a factor of 72135?
True
Does 16 divide 17888?
True
Is 13 a factor of 481?
True
Is 124 a factor of 73036?
True
Does 42 divide 4051?
False
Is 17280 a multiple of 90?
True
Does 4 divide 2820?
True
Is 1638 a multiple of 42?
True
Is 49038 a multiple of 20?
False
Is 77 a factor of 7736?
False
Is 1646 a multiple of 29?
False
Is 26 a factor of 3328?
True
Is 107744 a multiple of 52?
True
Is 266 a multiple of 7?
True
Does 48 divide 1528?
False
Is 62872 a multiple of 232?
True
Is 30 a factor of 18396?
False
Does 13 divide 33528?
False
Is 92 a factor of 2300?
True
Is 2160 a multiple of 27?
True
Is 28 a factor of 1708?
True
Is 1683 a multiple of 9?
True
Does 12 divide 56113?
False
Does 24 divide 2307?
False
Is 5 a factor of 6722?
False
Is 26906 a multiple of 69?
False
Is 60 a factor of 2538?
False
Is 13 a factor of 10660?
True
Does 38 divide 2432?
True
Does 3 divide 354?
True
Is 20 a factor of 2188?
False
Is 10 a factor of 2618?
False
Is 3437 a multiple of 22?
False
Is 3772 a multiple of 11?
False
Is 124 a multiple of 31?
True
Is 38 a multiple of 38?
True
Does 28 divide 120?
False
Is 31 a factor of 4712?
True
Is 37 a factor of 22089?
True
Does 9 divide 4070?
False
Is 43 a factor of 688?
True
Is 20 a factor of 3632?
False
Is 18684 a multiple of 40?
False
Is 11362 a multiple of 16?
False
Does 7 divide 2869?
False
Does 22 divide 506?
True
Is 92 a factor of 13437?
False
Does 29 divide 331?
False
Does 7 divide 19048?
False
Is 27374 a multiple of 43?
False
Is 756 a multiple of 43?
False
Does 18 divide 61434?
True
Is 107 a factor of 903?
False
Does 19 divide 17442?
True
Does 90 divide 45997?
False
Is 25 a factor of 341?
False
Does 13 divide 5512?
True
Is 10 a factor of 6130?
True
Does 4 divide 5228?
True
Does 32 divide 1760?
True
Is 76 a multiple of 21?
False
Is 12 a factor of 6294?
False
Is 15529 a multiple of 293?
True
Is 37 a factor of 888?
True
Is 53 a factor of 3074?
True
Does 109 divide 4708?
False
Is 96 a factor of 1010?
False
Is 8827 a multiple of 6?
False
Is 743 a multiple of 3?
False
Is 7380 a multiple of 12?
True
Does 32 divide 6830?
False
Is 11 a factor of 1474?
True
Is 14 a factor of 3243?
False
Does 37 divide 30784?
True
Does 17 divide 9265?
True
Is 22 a factor of 6424?
True
Is 5 a factor of 12132?
False
Is 21 a factor of 1607?
False
Is 129 a factor of 25640?
False
Is 1462 a multiple of 86?
True
Does 5 divide 35?
True
Is 31 a factor of 1247?
False
Is 1746 a multiple of 61?
False
Is 3645 a multiple of 149?
False
Is 21 a factor of 221613?
True
Is 1254 a multiple of 6?
True
Is 1521 a multiple of 24?
False
Is 4 a factor of 36909?
False
Does 20 divide 43129?
False
Is 6075 a multiple of 25?
True
Is 63954 a multiple of 153?
True
Is 67 a factor of 1273?
True
Is 1018 a multiple of 71?
False
Does 46 divide 552?
True
Does 30 divide 720?
True
Does 29 divide 1231?
False
Is 12 a factor of 7901?
False
Is 3213 a multiple of 63?
True
Is 15 a factor of 21758?
False
Does 108 divide 28944?
True
Is 11 a factor of 1056?
True
Does 16 divide 5759?
False
Does 50 divide 2000?
True
Is 28542 a multiple of 134?
True
Is 380 a multiple of 20?
True
Is 17 a factor of 3417?
True
Is 11 a factor of 2893?
True
Is 9 a factor of 4905?
True
Is 88 a factor of 3432?
True
Is 13 a factor of 15002?
True
Is 1591 even?
False
Is 539 a multiple of 37?
False
Is 35 a factor of 71435?
True
Is 2812 a multiple of 13?
False
Is 10 a factor of 2430?
True
Does 31 divide 3813?
True
Is 33480 a multiple of 93?
True
Does 13 divide 1898?
True
Is 19 a factor of 27976?
False
Does 7 divide 686?
True
Does 40 divide 9800?
True
Is 4 a factor of 6540?
True
Is 3 a factor of 118?
False
Is 120 a factor of 53975?
False
Is 92 a factor of 1482?
False
Is 555 a multiple of 9?
False
Is 8477 a multiple of 173?
True
Is 58 a factor of 812?
True
Does 264 divide 18587?
False
Is 107970 a multiple of 183?
True
Is 5 a factor of 191?
False
Is 76 a factor of 1317?
False
Is 374 a multiple of 34?
True
Is 23 a factor of 5750?
True
Is 2108 a multiple of 30?
False
Is 93 a factor of 251?
False
Is 32 a factor of 96?
True
Does 15 divide 182?
False
Is 88 a factor of 1848?
True
Does 43 divide 31817?
False
Is 16484 a multiple of 15?
False
Is 14 a factor of 42?
True
Does 22 divide 39336?
True
Is 173 a factor of 22317?
True
Does 6 divide 386?
False
Does 10 divide 1875?
False
Does 30 divide 510?
True
Does 35 divide 1260?
True
Is 97 a factor of 54121?
False
Is 9351 a multiple of 20?
False
Is 81 a multiple of 5?
False
Is 92 a factor of 30107?
False
Does 49 